2
Let t(f) = -f**3 + 9*f**2 + 9*f + 13. Let l be t(10). Suppose -l*p + 2112 = 29*p. What is the greatest common factor of p and 176?
22
Let h(g) = -g**3 + 7*g**2 + 4*g - 46. Suppose 22 = 2*q + 2*q - c, 0 = c - 2. Let m be h(q). Calculate the greatest common divisor of m and 14.
14
Let x be (-8)/52 - (-4)/(52/11377). What is the greatest common divisor of x and 1225?
175
Let y = 100 + -63. Let i(k) = 2*k**3 + 22*k**2 - 11*k - 90. Let u be i(-9). What is the highest common divisor of u and y?
37
Let d = 67 - 46. Let u = d + 15. Suppose 2*k + 0*a + 4*a - 32 = 0, -5*k + u = -a. Calculate the highest common factor of k and 16.
8
Let b = -12 + 12. Suppose g = -b*g - 15. Let h = g + 27. What is the highest common factor of 6 and h?
6
Let b(y) = -y**2 - 33*y + 79. Let o be b(-16). What is the greatest common factor of 171 and o?
9
Let m(u) = -1169*u - 4 + 1169*u - 2*u**2 - 4*u**3. Let j be m(-2). Let c be 5/j - 93/(-12). What is the highest common divisor of 40 and c?
8
Suppose 35*k - 48*k = -3536. Let z = -18 + 35. Calculate the highest common factor of z and k.
17
Let f be 5/(-15)*(-56 + 26). Suppose 450 = 3*y + 2*y. Calculate the highest common factor of y and f.
10
Let z be 0/(-15)*1/(-2). Suppose -17*o + 897 + 4101 = z. Calculate the highest common factor of 7 and o.
7
Let c be 12 - (-16)/((21/(-8))/(-21)). Calculate the highest common divisor of 23380 and c.
140
Let c be (150/15 - 16)*-1 - -1*2905. What is the greatest common factor of c and 568?
71
Let t be -4 + (-30)/(-6) - -1. Suppose t*q - 15 = -2*h + 21, -h - 3*q = -22. What is the greatest common divisor of h and 112?
16
Let d be ((-1612)/8 - -5)/((-33)/44). What is the greatest common factor of d and 6?
2
Let b(q) be the third derivative of -q**4/4 - 29*q**3/2 + 9*q**2. Let a be b(-15). Calculate the highest common factor of 4 and a.
1
Suppose 4*y = 9*y - 25. Suppose 56 = y*c + 1. Let r(h) = 2*h**2 - 9*h - 33. Let x be r(c). What is the greatest common divisor of x and 10?
10
Let w be (9 - -3)/4 + 9. Let y = -762 - -765. Suppose -q + 0*s = -y*s, 3*s + w = 3*q. What is the greatest common factor of 8 and q?
2
Let v be 318*(36/(-6))/12. Let o = 17 - v. Let w be 4/(-2) + 18*1. What is the greatest common factor of o and w?
16
Suppose -19*q - 5*w = -24*q + 105, 3*w + 81 = 4*q. Suppose q*j - 14*j = 464. What is the highest common factor of 406 and j?
58
Let f = 7 - -5. Suppose -27 = -3*t + 2*a, 0 = -2*t + 5*t + 3*a - 12. Let i be (1 - t) + (-462)/(-11). What is the greatest common divisor of i and f?
12
Let x(s) = -4*s**3 - s**2 + 40*s + 221. Let c be x(-5). What is the greatest common factor of c and 2790?
62
Suppose -2*a = 5*m - 2111, 2*a + m - 2502 = -403. Calculate the highest common divisor of a and 393.
131
Let j = 23 + -3. Let d be (-3)/(15/j) - 11. Let q be (-2)/(4/(d + -1)). Calculate the greatest common divisor of q and 40.
8
Let h(n) = -7*n**3 - 13*n**2 - 35*n - 5. Let l be h(-5). Suppose 6*p + l = 11*p. What is the greatest common divisor of 16 and p?
16
Let y be ((-9)/(-6))/((-9)/(-648)). Suppose t + y = 5*t. Calculate the highest common divisor of 3 and t.
3
Let s(d) = d**2 - 23*d - 8. Let o be (3892/(-24))/(-7) - (-1)/(-6). Let n be s(o). Let a be 56/(-3)*30/n. Calculate the highest common factor of 14 and a.
14
Suppose 0 = 7*c + 4*m - 79756, 6*m + 22793 = 2*c + 9*m. What is the highest common factor of 178 and c?
178
Let b be ((-8 - 0) + 4)*-11. Suppose 3*m - 334 = -4*j, 2*j - 66 - 46 = -m. Calculate the greatest common divisor of b and m.
22
Let w(i) = i**2 + 2*i + 7. Let o be w(3). Let y(r) = -r**3 - r**2 + 3*r + 83. Let s be y(0). Let h = -61 + s. Calculate the highest common factor of h and o.
22
Let n(m) = 7*m - 1. Let u be n(2). Suppose -x = 4*i - 46, 5*i - 3*i = -4*x + 2. Calculate the highest common factor of i and u.
13
Suppose -19*w + 18*w = -5*o - 2776, -3*o + 11265 = 4*w. What is the highest common factor of 3 and w?
3
Suppose 37*p - 31*p = -28*p + 85272. What is the greatest common divisor of p and 3960?
132
Suppose 483 = 18*h - 489. Let u be (-2 + 393/(-6))/((-12)/24). What is the greatest common factor of u and h?
27
Let x = 2558 + -2548. What is the greatest common factor of x and 305?
5
Let i be 418/4*((-711)/57 - -13)*19. What is the highest common factor of i and 154?
11
Let x(m) = -77*m + 867. Let t be x(-7). Calculate the greatest common factor of 76 and t.
38
Suppose -15*p + 31 + 59 = 0. Suppose -15*z - p*z = -3360. What is the highest common factor of 20 and z?
20
Let k(v) = 4*v - 42. Suppose -4*z = -4*a, 4*a - a + 2*z = -20. Let u be (-2)/a*(5 + 41 + -4). Let f be k(u). Calculate the highest common divisor of f and 294.
42
Let j = 3445 + -2740. Calculate the greatest common factor of 5 and j.
5
Suppose 2*s - 1356 = 4*j, 23*s - 2715 = 19*s + 5*j. What is the highest common factor of 15300 and s?
340
Suppose n + 19 - 91 = 0. Let d = -6 + n. Calculate the greatest common divisor of d and 154.
22
Suppose -5*k - o + 274 = 0, -k + 2*o = -2*k + 53. Suppose 0 = -5*j + 31 + 24. Calculate the greatest common factor of k and j.
11
Suppose -2*i - 148 = -4*w, 4*i - 154 + 18 = -4*w. Let u = -478 - -1054. Calculate the greatest common divisor of w and u.
36
Suppose 3*f = 12, 0 = 2*c + 3*f - 220 - 216. Calculate the highest common factor of c and 6095.
53
Suppose 2*b + 2*x - 86 = 0, 4*b + 4*x = x + 174. Let f be (-280)/(-12)*b/6. Calculate the greatest common divisor of 140 and f.
35
Let p(m) = -4*m**2 - 68*m + 15. Let d be p(-17). Suppose -d*n = -449 + 44. What is the highest common factor of n and 54?
27
Let g = 302 - 129. Let j = g + -153. Suppose 41 = 3*v + 4*q + q, 0 = 4*q + j. What is the highest common factor of v and 66?
22
Suppose -y = -2*y + 30. Suppose 2*j + 545 = 551. Calculate the greatest common divisor of j and y.
3
Suppose -7*x + 252 = 5*x. Suppose 93 = 2*z - 5*z. Let o = 45 + z. Calculate the highest common factor of o and x.
7
Suppose -61*b + 637 = -48*b. Let j(r) = -r + 1. Let m be j(-6). Calculate the highest common divisor of b and m.
7
Let q = -11 + 17. Let a(w) = 27*w + 39. Let y(k) = -25*k - 37. Let z(b) = -3*a(b) - 4*y(b). Let o be z(q). Calculate the greatest common factor of o and 29.
29
Suppose -4*r + 86 = -2*h, 3*r - 69*h - 68 = -71*h. Suppose 2*i + 40*w - r = 38*w, 4*i = -3*w + 41. Calculate the greatest common divisor of i and 44.
4
Let t(g) = 13*g**2 + 1700*g - 357. Let b be t(-131). Calculate the greatest common factor of b and 16716.
12
Let u(r) = 4*r**2 + 159*r + 26. Let d be u(13). What is the greatest common divisor of 26 and d?
13
Let p(v) = -3*v + 48. Let l be p(25). Let u be (9/l)/((-2)/258). Let w = 521 - 306. Calculate the greatest common divisor of u and w.
43
Let m = 7513 - -502. What is the highest common divisor of 70 and m?
35
Let u be 141/(-1)*(10 + 120/(-8) - 12). What is the greatest common factor of u and 204?
51
Let p = 1509 + -919. Suppose 9*y + 2*l = 5*y + p, 285 = 2*y + 3*l. Calculate the highest common divisor of y and 90.
30
Let f be (16/(-10))/(28/(-22400)). Calculate the highest common factor of 5 and f.
5
Let m(h) = -194*h + 2061. Let w be m(9). What is the highest common factor of 45 and w?
45
Let x(t) = 2*t**2 - 13*t - 71. Let a be x(-4). Let c = a + -4. What is the highest common factor of c and 24?
3
Let j be -6*17/102 - -145. Calculate the highest common factor of j and 204.
12
Suppose -9*d + 30805 + 7861 = 11045. Calculate the highest common factor of 88 and d.
11
Let x(n) = 8*n + 209. Let l be x(-26). Let r(w) = 453*w + 43. Let j be r(l). What is the greatest common factor of 16 and j?
16
Let a(c) = c**3 + 36*c**2 - 43*c + 83. Let t be a(-37). Suppose 303*q - t*q = -296. What is the highest common divisor of 12 and q?
4
Suppose 0 = 3*p - 3*q - 159, 4*q = 3*p + 7*q - 117. Calculate the greatest common divisor of p and 1196.
46
Suppose -6 = -0*g - 2*g. Suppose -g*q = -9 + 24. Let h be 0 - -9 - (5 + q). What is the highest common divisor of 63 and h?
9
Let w be (4/(-3))/(16/(-24)) + 1. Suppose 2*j = 2, -w*z + 0*j = -5*j - 22. Suppose 4*l - 8 = -b + z, -l = 1. What is the highest common divisor of b and 14?
7
Let f = -3482 + 3685. What is the greatest common factor of 14413 and f?
203
Let i be 2162 - 0/((-7 + -18)/5). Calculate the highest common divisor of 46 and i.
46
Suppose -11*g - 4*v + 534 = -8*g,